{"id":27,"date":"2023-12-11T15:57:27","date_gmt":"2023-12-11T18:57:27","guid":{"rendered":"https:\/\/cronoactive.com.br\/?page_id=27"},"modified":"2023-12-30T09:40:30","modified_gmt":"2023-12-30T12:40:30","slug":"sobre","status":"publish","type":"page","link":"https:\/\/cronoactive.com.br\/index.php\/sobre\/","title":{"rendered":"Sobre"},"content":{"rendered":"\t\t<div data-elementor-type=\"wp-page\" data-elementor-id=\"27\" class=\"elementor elementor-27\" data-elementor-post-type=\"page\">\n\t\t\t\t<div class=\"elementor-element elementor-element-f935539 e-con-full e-flex e-con e-parent\" data-id=\"f935539\" data-element_type=\"container\" data-e-type=\"container\">\n\t\t\t\t<div class=\"elementor-element elementor-element-6762be1 elementor-widget-divider--view-line elementor-invisible elementor-widget elementor-widget-divider\" data-id=\"6762be1\" data-element_type=\"widget\" data-e-type=\"widget\" data-settings=\"{&quot;_animation&quot;:&quot;fadeInLeft&quot;}\" data-widget_type=\"divider.default\">\n\t\t\t\t<div class=\"elementor-widget-container\">\n\t\t\t\t\t\t\t<div class=\"elementor-divider\">\n\t\t\t<span class=\"elementor-divider-separator\">\n\t\t\t\t\t\t<\/span>\n\t\t<\/div>\n\t\t\t\t\t\t<\/div>\n\t\t\t\t<\/div>\n\t\t\t\t<\/div>\n\t\t<div class=\"elementor-element elementor-element-5ec77b4 e-flex e-con-boxed e-con e-parent\" data-id=\"5ec77b4\" data-element_type=\"container\" data-e-type=\"container\">\n\t\t\t\t\t<div class=\"e-con-inner\">\n\t\t\t\t<div class=\"elementor-element elementor-element-e5ff325 elementor-widget elementor-widget-text-editor\" data-id=\"e5ff325\" data-element_type=\"widget\" data-e-type=\"widget\" data-widget_type=\"text-editor.default\">\n\t\t\t\t<div class=\"elementor-widget-container\">\n\t\t\t\t\t\t\t\t\t<p>A CRONOACTIVE \u00e9 uma empresa fundada em 2014 especializada em cronometragem esportiva, oferecendo servi\u00e7os completos para a estrutura\u00e7\u00e3o de eventos esportivos. Com uma equipe altamente qualificada, estamos preparados para atender eventos de diferentes modalidades esportivas, fornecendo solu\u00e7\u00f5es personalizadas e eficientes.<\/p>\t\t\t\t\t\t\t\t<\/div>\n\t\t\t\t<\/div>\n\t\t\t\t\t<\/div>\n\t\t\t\t<\/div>\n\t\t<div class=\"elementor-element elementor-element-69ff761 e-con-full e-flex e-con e-parent\" data-id=\"69ff761\" data-element_type=\"container\" data-e-type=\"container\" data-settings=\"{&quot;background_background&quot;:&quot;classic&quot;}\">\n\t\t\t\t<div class=\"elementor-element elementor-element-703ded8 elementor-widget elementor-widget-text-editor\" data-id=\"703ded8\" data-element_type=\"widget\" data-e-type=\"widget\" data-settings=\"{&quot;motion_fx_motion_fx_scrolling&quot;:&quot;yes&quot;,&quot;motion_fx_devices&quot;:[&quot;desktop&quot;,&quot;tablet&quot;,&quot;mobile&quot;]}\" data-widget_type=\"text-editor.default\">\n\t\t\t\t<div class=\"elementor-widget-container\">\n\t\t\t\t\t\t\t\t\t<h5>Nosso objetivo \u00e9 oferecer um servi\u00e7o de qualidade, que atenda \u00e0s expectativas dos nossos clientes e participantes dos eventos. Al\u00e9m disso, estamos sempre buscando inova\u00e7\u00f5es e tecnologias que possam aprimorar ainda mais nossos servi\u00e7os.<\/h5>\t\t\t\t\t\t\t\t<\/div>\n\t\t\t\t<\/div>\n\t\t\t\t<\/div>\n\t\t<div class=\"elementor-element elementor-element-fc51bf9 e-flex e-con-boxed e-con e-parent\" data-id=\"fc51bf9\" data-element_type=\"container\" data-e-type=\"container\" data-settings=\"{&quot;motion_fx_motion_fx_scrolling&quot;:&quot;yes&quot;,&quot;motion_fx_translateY_effect&quot;:&quot;yes&quot;,&quot;motion_fx_translateY_speed&quot;:{&quot;unit&quot;:&quot;px&quot;,&quot;size&quot;:0,&quot;sizes&quot;:[]},&quot;motion_fx_translateY_direction&quot;:&quot;negative&quot;,&quot;motion_fx_translateY_affectedRange&quot;:{&quot;unit&quot;:&quot;%&quot;,&quot;size&quot;:&quot;&quot;,&quot;sizes&quot;:{&quot;start&quot;:0,&quot;end&quot;:62}},&quot;motion_fx_devices&quot;:[&quot;desktop&quot;,&quot;tablet&quot;,&quot;mobile&quot;]}\">\n\t\t\t\t\t<div class=\"e-con-inner\">\n\t\t<div class=\"elementor-element elementor-element-bea1a34 e-con-full e-flex e-con e-child\" data-id=\"bea1a34\" data-element_type=\"container\" data-e-type=\"container\">\n\t\t\t\t<div class=\"elementor-element elementor-element-24cb9a5 elementor-widget elementor-widget-heading\" data-id=\"24cb9a5\" data-element_type=\"widget\" data-e-type=\"widget\" data-widget_type=\"heading.default\">\n\t\t\t\t<div class=\"elementor-widget-container\">\n\t\t\t\t\t<h2 class=\"elementor-heading-title elementor-size-default\">Nossa Miss\u00e3o\n\n<\/h2>\t\t\t\t<\/div>\n\t\t\t\t<\/div>\n\t\t\t\t<\/div>\n\t\t<div class=\"elementor-element elementor-element-27f76ec e-con-full e-flex e-con e-child\" data-id=\"27f76ec\" data-element_type=\"container\" data-e-type=\"container\">\n\t\t\t\t<\/div>\n\t\t<div class=\"elementor-element elementor-element-c20c3cb e-con-full e-flex e-con e-child\" data-id=\"c20c3cb\" data-element_type=\"container\" data-e-type=\"container\">\n\t\t\t\t<\/div>\n\t\t<div class=\"elementor-element elementor-element-2870a59 e-con-full e-flex e-con e-child\" data-id=\"2870a59\" data-element_type=\"container\" data-e-type=\"container\">\n\t\t\t\t<div class=\"elementor-element elementor-element-3f522b8 elementor-widget elementor-widget-text-editor\" data-id=\"3f522b8\" data-element_type=\"widget\" data-e-type=\"widget\" data-widget_type=\"text-editor.default\">\n\t\t\t\t<div class=\"elementor-widget-container\">\n\t\t\t\t\t\t\t\t\t<h4>A miss\u00e3o da CRONOACTIVE \u00e9 fornecer servi\u00e7os de cronometragem esportiva de alta qualidade, com solu\u00e7\u00f5es personalizadas e tecnologias inovadoras, buscando sempre atender \u00e0s expectativas dos clientes e participantes dos eventos.<\/h4>\t\t\t\t\t\t\t\t<\/div>\n\t\t\t\t<\/div>\n\t\t\t\t<\/div>\n\t\t<div class=\"elementor-element elementor-element-ded1066 e-con-full e-flex e-con e-child\" data-id=\"ded1066\" data-element_type=\"container\" data-e-type=\"container\">\n\t\t\t\t<\/div>\n\t\t\t\t\t<\/div>\n\t\t\t\t<\/div>\n\t\t\t\t<\/div>\n\t\t","protected":false},"excerpt":{"rendered":"<p>A CRONOACTIVE \u00e9 uma empresa fundada em 2014 especializada em cronometragem esportiva, oferecendo servi\u00e7os completos para a estrutura\u00e7\u00e3o de eventos esportivos. Com uma equipe altamente qualificada, estamos preparados para atender eventos de diferentes modalidades esportivas, fornecendo solu\u00e7\u00f5es personalizadas e eficientes. Nosso objetivo \u00e9 oferecer um servi\u00e7o de qualidade, que atenda \u00e0s expectativas dos nossos clientes [&hellip;]<\/p>\n","protected":false},"author":1,"featured_media":0,"parent":0,"menu_order":0,"comment_status":"closed","ping_status":"closed","template":"","meta":{"footnotes":""},"class_list":["post-27","page","type-page","status-publish","hentry"],"jetpack_sharing_enabled":true,"_links":{"self":[{"href":"https:\/\/cronoactive.com.br\/index.php\/wp-json\/wp\/v2\/pages\/27","targetHints":{"allow":["GET"]}}],"collection":[{"href":"https:\/\/cronoactive.com.br\/index.php\/wp-json\/wp\/v2\/pages"}],"about":[{"href":"https:\/\/cronoactive.com.br\/index.php\/wp-json\/wp\/v2\/types\/page"}],"author":[{"embeddable":true,"href":"https:\/\/cronoactive.com.br\/index.php\/wp-json\/wp\/v2\/users\/1"}],"replies":[{"embeddable":true,"href":"https:\/\/cronoactive.com.br\/index.php\/wp-json\/wp\/v2\/comments?post=27"}],"version-history":[{"count":66,"href":"https:\/\/cronoactive.com.br\/index.php\/wp-json\/wp\/v2\/pages\/27\/revisions"}],"predecessor-version":[{"id":641,"href":"https:\/\/cronoactive.com.br\/index.php\/wp-json\/wp\/v2\/pages\/27\/revisions\/641"}],"wp:attachment":[{"href":"https:\/\/cronoactive.com.br\/index.php\/wp-json\/wp\/v2\/media?parent=27"}],"curies":[{"name":"wp","href":"https:\/\/api.w.org\/{rel}","templated":true}]}}