{"id":25,"date":"2023-12-11T15:57:07","date_gmt":"2023-12-11T18:57:07","guid":{"rendered":"https:\/\/cronoactive.com.br\/?page_id=25"},"modified":"2023-12-12T14:22:56","modified_gmt":"2023-12-12T17:22:56","slug":"servicos","status":"publish","type":"page","link":"https:\/\/cronoactive.com.br\/index.php\/servicos\/","title":{"rendered":"Servi\u00e7os"},"content":{"rendered":"\t\t<div data-elementor-type=\"wp-page\" data-elementor-id=\"25\" class=\"elementor elementor-25\" data-elementor-post-type=\"page\">\n\t\t\t\t<div class=\"elementor-element elementor-element-f8c3ac1 e-con-full e-flex e-con e-parent\" data-id=\"f8c3ac1\" data-element_type=\"container\" data-e-type=\"container\">\n\t\t\t\t<div class=\"elementor-element elementor-element-4553a73 elementor-widget-divider--view-line elementor-invisible elementor-widget elementor-widget-divider\" data-id=\"4553a73\" data-element_type=\"widget\" data-e-type=\"widget\" data-settings=\"{&quot;_animation&quot;:&quot;fadeInLeft&quot;}\" data-widget_type=\"divider.default\">\n\t\t\t\t<div class=\"elementor-widget-container\">\n\t\t\t\t\t\t\t<div class=\"elementor-divider\">\n\t\t\t<span class=\"elementor-divider-separator\">\n\t\t\t\t\t\t<\/span>\n\t\t<\/div>\n\t\t\t\t\t\t<\/div>\n\t\t\t\t<\/div>\n\t\t\t\t<\/div>\n\t\t<div class=\"elementor-element elementor-element-58c6763 e-flex e-con-boxed e-con e-parent\" data-id=\"58c6763\" data-element_type=\"container\" data-e-type=\"container\">\n\t\t\t\t\t<div class=\"e-con-inner\">\n\t\t\t\t<div class=\"elementor-element elementor-element-d522ce9 elementor-widget elementor-widget-heading\" data-id=\"d522ce9\" data-element_type=\"widget\" data-e-type=\"widget\" data-widget_type=\"heading.default\">\n\t\t\t\t<div class=\"elementor-widget-container\">\n\t\t\t\t\t<h2 class=\"elementor-heading-title elementor-size-default\">Nossos Servi\u00e7os<\/h2>\t\t\t\t<\/div>\n\t\t\t\t<\/div>\n\t\t\t\t\t<\/div>\n\t\t\t\t<\/div>\n\t\t<div class=\"elementor-element elementor-element-15e3f78 e-flex e-con-boxed e-con e-parent\" data-id=\"15e3f78\" data-element_type=\"container\" data-e-type=\"container\">\n\t\t\t\t\t<div class=\"e-con-inner\">\n\t\t<div class=\"elementor-element elementor-element-7e75dac e-con-full e-flex e-con e-child\" data-id=\"7e75dac\" data-element_type=\"container\" data-e-type=\"container\">\n\t\t\t\t<div class=\"elementor-element elementor-element-93a50b9 elementor-widget elementor-widget-text-editor\" data-id=\"93a50b9\" data-element_type=\"widget\" data-e-type=\"widget\" data-widget_type=\"text-editor.default\">\n\t\t\t\t<div class=\"elementor-widget-container\">\n\t\t\t\t\t\t\t\t\t<div id=\"comp-kpnt84cl\" class=\"KcpHeO tz5f0K comp-kpnt84cl wixui-rich-text\" data-testid=\"richTextElement\" data-motion-enter=\"done\"><h2 class=\"font_3 wixui-rich-text__text\"><span class=\"wixui-rich-text__text\">Cronometragem Esportiva<\/span><\/h2><\/div><div id=\"comp-kpnt84cq\" class=\"KcpHeO tz5f0K comp-kpnt84cq wixui-rich-text\" data-testid=\"richTextElement\" data-motion-enter=\"done\"><p class=\"font_8 wixui-rich-text__text\"><span class=\"wixui-rich-text__text\">Somos uma empresa de RP desportivas especializada em cronometragem de eventos esportivos. Utilizamos tecnologia de ponta para fornecer solu\u00e7\u00f5es de cronometragem precisas e confi\u00e1veis para atletas e organizadores de eventos. Nossa equipe altamente qualificada est\u00e1 pronta para ajud\u00e1-lo em todas as suas necessidades de cronometragem.<\/span><\/p><\/div>\t\t\t\t\t\t\t\t<\/div>\n\t\t\t\t<\/div>\n\t\t\t\t<\/div>\n\t\t<div class=\"elementor-element elementor-element-963107f e-con-full e-flex e-con e-child\" data-id=\"963107f\" data-element_type=\"container\" data-e-type=\"container\">\n\t\t\t\t<div class=\"elementor-element elementor-element-1a11b15 elementor-widget elementor-widget-image\" data-id=\"1a11b15\" data-element_type=\"widget\" data-e-type=\"widget\" data-widget_type=\"image.default\">\n\t\t\t\t<div class=\"elementor-widget-container\">\n\t\t\t\t\t\t\t\t\t\t\t\t\t\t\t<img fetchpriority=\"high\" decoding=\"async\" width=\"480\" height=\"319\" src=\"https:\/\/cronoactive.com.br\/wp-content\/uploads\/2023\/12\/36a352_00ae6fa6f6c84a33bbda416c1744aaacmv2.jpeg\" class=\"attachment-large size-large wp-image-159\" alt=\"\" srcset=\"https:\/\/cronoactive.com.br\/wp-content\/uploads\/2023\/12\/36a352_00ae6fa6f6c84a33bbda416c1744aaacmv2.jpeg 480w, https:\/\/cronoactive.com.br\/wp-content\/uploads\/2023\/12\/36a352_00ae6fa6f6c84a33bbda416c1744aaacmv2-300x199.jpeg 300w\" sizes=\"(max-width: 480px) 100vw, 480px\" \/>\t\t\t\t\t\t\t\t\t\t\t\t\t\t\t<\/div>\n\t\t\t\t<\/div>\n\t\t\t\t<\/div>\n\t\t\t\t\t<\/div>\n\t\t\t\t<\/div>\n\t\t<div class=\"elementor-element elementor-element-7ea80a8 e-flex e-con-boxed e-con e-parent\" data-id=\"7ea80a8\" data-element_type=\"container\" data-e-type=\"container\">\n\t\t\t\t\t<div class=\"e-con-inner\">\n\t\t<div class=\"elementor-element elementor-element-cc842b5 e-con-full e-flex e-con e-child\" data-id=\"cc842b5\" data-element_type=\"container\" data-e-type=\"container\">\n\t\t\t\t<div class=\"elementor-element elementor-element-4aaa422 elementor-widget elementor-widget-text-editor\" data-id=\"4aaa422\" data-element_type=\"widget\" data-e-type=\"widget\" data-widget_type=\"text-editor.default\">\n\t\t\t\t<div class=\"elementor-widget-container\">\n\t\t\t\t\t\t\t\t\t<div id=\"comp-kpnt8udj\" class=\"KcpHeO tz5f0K comp-kpnt8udj wixui-rich-text\" data-testid=\"richTextElement\" data-motion-enter=\"done\"><h2 class=\"font_3 wixui-rich-text__text\"><span class=\"wixui-rich-text__text\">Estrutura para Eventos<\/span><\/h2><\/div><div id=\"comp-kpnt921y\" class=\"KcpHeO tz5f0K comp-kpnt921y wixui-rich-text\" data-testid=\"richTextElement\" data-motion-enter=\"done\"><p class=\"font_8 wixui-rich-text__text\"><span class=\"wixui-rich-text__text\">Al\u00e9m de fornecer servi\u00e7os de cronometragem, tamb\u00e9m oferecemos estrutura para eventos esportivos. Temos uma ampla gama de equipamentos e recursos para garantir que seu evento seja um sucesso. Desde tendas, gradis de isolamento, p\u00f3rtico de largada, p\u00f3dio e at\u00e9 sistemas de som e ilumina\u00e7\u00e3o, temos tudo o que voc\u00ea precisa para tornar seu evento inesquec\u00edvel.<\/span><\/p><\/div>\t\t\t\t\t\t\t\t<\/div>\n\t\t\t\t<\/div>\n\t\t\t\t<\/div>\n\t\t<div class=\"elementor-element elementor-element-8c4d167 e-con-full e-flex e-con e-child\" data-id=\"8c4d167\" data-element_type=\"container\" data-e-type=\"container\">\n\t\t\t\t<div class=\"elementor-element elementor-element-8108d03 elementor-widget elementor-widget-image\" data-id=\"8108d03\" data-element_type=\"widget\" data-e-type=\"widget\" data-widget_type=\"image.default\">\n\t\t\t\t<div class=\"elementor-widget-container\">\n\t\t\t\t\t\t\t\t\t\t\t\t\t\t\t<img decoding=\"async\" width=\"800\" height=\"800\" src=\"https:\/\/cronoactive.com.br\/wp-content\/uploads\/2023\/12\/70317036_789190198178959_3424198389389066240_n-1-1024x1024.jpg\" class=\"attachment-large size-large wp-image-152\" alt=\"\" srcset=\"https:\/\/cronoactive.com.br\/wp-content\/uploads\/2023\/12\/70317036_789190198178959_3424198389389066240_n-1-1024x1024.jpg 1024w, https:\/\/cronoactive.com.br\/wp-content\/uploads\/2023\/12\/70317036_789190198178959_3424198389389066240_n-1-300x300.jpg 300w, https:\/\/cronoactive.com.br\/wp-content\/uploads\/2023\/12\/70317036_789190198178959_3424198389389066240_n-1-150x150.jpg 150w, https:\/\/cronoactive.com.br\/wp-content\/uploads\/2023\/12\/70317036_789190198178959_3424198389389066240_n-1-768x768.jpg 768w, https:\/\/cronoactive.com.br\/wp-content\/uploads\/2023\/12\/70317036_789190198178959_3424198389389066240_n-1.jpg 1080w\" sizes=\"(max-width: 800px) 100vw, 800px\" \/>\t\t\t\t\t\t\t\t\t\t\t\t\t\t\t<\/div>\n\t\t\t\t<\/div>\n\t\t\t\t<\/div>\n\t\t\t\t\t<\/div>\n\t\t\t\t<\/div>\n\t\t<div class=\"elementor-element elementor-element-bd6ab5d e-flex e-con-boxed e-con e-parent\" data-id=\"bd6ab5d\" data-element_type=\"container\" data-e-type=\"container\">\n\t\t\t\t\t<div class=\"e-con-inner\">\n\t\t<div class=\"elementor-element elementor-element-e1d043b e-con-full e-flex e-con e-child\" data-id=\"e1d043b\" data-element_type=\"container\" data-e-type=\"container\">\n\t\t\t\t<div class=\"elementor-element elementor-element-bb9c451 elementor-widget elementor-widget-text-editor\" data-id=\"bb9c451\" data-element_type=\"widget\" data-e-type=\"widget\" data-widget_type=\"text-editor.default\">\n\t\t\t\t<div class=\"elementor-widget-container\">\n\t\t\t\t\t\t\t\t\t<div id=\"comp-kpntfuot\" class=\"hFQZVn comp-kpntfuot\" data-motion-enter=\"done\"><div class=\"\" data-mesh-id=\"comp-kpntfuotinlineContent\" data-testid=\"inline-content\"><div data-mesh-id=\"comp-kpntfuotinlineContent-gridContainer\" data-testid=\"mesh-container-content\">\u00a0<span style=\"color: inherit; font-family: inherit; font-size: 2rem; text-align: var(--text-align);\">Inscri\u00e7\u00f5es Online<\/span><\/div><div data-mesh-id=\"comp-kpntfuotinlineContent-gridContainer\" data-testid=\"mesh-container-content\">Para facilitar ainda mais a organiza\u00e7\u00e3o do seu evento, oferecemos um sistema de inscri\u00e7\u00f5es online. Isso permite que os atletas se inscrevam facilmente em seu evento, economizando tempo e esfor\u00e7o para todos os envolvidos. Al\u00e9m disso, nosso sistema \u00e9 altamente seguro e confi\u00e1vel, garantindo que as informa\u00e7\u00f5es pessoais dos atletas sejam mantidas em sigilo.<\/div><\/div><\/div>\t\t\t\t\t\t\t\t<\/div>\n\t\t\t\t<\/div>\n\t\t\t\t<\/div>\n\t\t<div class=\"elementor-element elementor-element-2b1672e e-con-full e-flex e-con e-child\" data-id=\"2b1672e\" data-element_type=\"container\" data-e-type=\"container\">\n\t\t\t\t<div class=\"elementor-element elementor-element-7eb836b elementor-widget elementor-widget-image\" data-id=\"7eb836b\" data-element_type=\"widget\" data-e-type=\"widget\" data-widget_type=\"image.default\">\n\t\t\t\t<div class=\"elementor-widget-container\">\n\t\t\t\t\t\t\t\t\t\t\t\t\t\t\t<img decoding=\"async\" width=\"800\" height=\"534\" src=\"https:\/\/cronoactive.com.br\/wp-content\/uploads\/2023\/12\/celular-iphone-mao-tela-1024x683.jpg\" class=\"attachment-large size-large wp-image-156\" alt=\"\" srcset=\"https:\/\/cronoactive.com.br\/wp-content\/uploads\/2023\/12\/celular-iphone-mao-tela-1024x683.jpg 1024w, https:\/\/cronoactive.com.br\/wp-content\/uploads\/2023\/12\/celular-iphone-mao-tela-300x200.jpg 300w, https:\/\/cronoactive.com.br\/wp-content\/uploads\/2023\/12\/celular-iphone-mao-tela-768x512.jpg 768w, https:\/\/cronoactive.com.br\/wp-content\/uploads\/2023\/12\/celular-iphone-mao-tela-1536x1024.jpg 1536w, https:\/\/cronoactive.com.br\/wp-content\/uploads\/2023\/12\/celular-iphone-mao-tela.jpg 1620w\" sizes=\"(max-width: 800px) 100vw, 800px\" \/>\t\t\t\t\t\t\t\t\t\t\t\t\t\t\t<\/div>\n\t\t\t\t<\/div>\n\t\t\t\t<\/div>\n\t\t\t\t\t<\/div>\n\t\t\t\t<\/div>\n\t\t<div class=\"elementor-element elementor-element-9bfaba5 e-flex e-con-boxed e-con e-parent\" data-id=\"9bfaba5\" data-element_type=\"container\" data-e-type=\"container\">\n\t\t\t\t\t<div class=\"e-con-inner\">\n\t\t<div class=\"elementor-element elementor-element-fd4d3f9 e-con-full e-flex e-con e-child\" data-id=\"fd4d3f9\" data-element_type=\"container\" data-e-type=\"container\">\n\t\t\t\t<div class=\"elementor-element elementor-element-9ce6512 elementor-widget elementor-widget-text-editor\" data-id=\"9ce6512\" data-element_type=\"widget\" data-e-type=\"widget\" data-widget_type=\"text-editor.default\">\n\t\t\t\t<div class=\"elementor-widget-container\">\n\t\t\t\t\t\t\t\t\t<div id=\"bgLayers_comp-kpntfuoy1\" class=\"MW5IWV\" data-hook=\"bgLayers\"><p id=\"bgMedia_comp-kpntfuoy1\" class=\"VgO9Yg\">\u00a0<span style=\"color: inherit; font-family: inherit; font-size: 2rem; text-align: var(--text-align);\">Servi\u00e7os Adicionais<\/span><\/p><p class=\"VgO9Yg\">Al\u00e9m de nossos principais servi\u00e7os de cronometragem, estrutura para eventos e inscri\u00e7\u00f5es online, tamb\u00e9m oferecemos uma variedade de servi\u00e7os adicionais, incluindo fotografia esportiva, transmiss\u00e3o ao vivo e servi\u00e7os de locu\u00e7\u00e3o. Nossa equipe dedicada trabalhar\u00e1 com voc\u00ea para garantir que todos os aspectos do seu evento sejam perfeitos.<\/p><\/div>\t\t\t\t\t\t\t\t<\/div>\n\t\t\t\t<\/div>\n\t\t\t\t<\/div>\n\t\t<div class=\"elementor-element elementor-element-838bfdc e-con-full e-flex e-con e-child\" data-id=\"838bfdc\" data-element_type=\"container\" data-e-type=\"container\">\n\t\t\t\t<div class=\"elementor-element elementor-element-c268cbb elementor-widget elementor-widget-image\" data-id=\"c268cbb\" data-element_type=\"widget\" data-e-type=\"widget\" data-widget_type=\"image.default\">\n\t\t\t\t<div class=\"elementor-widget-container\">\n\t\t\t\t\t\t\t\t\t\t\t\t\t\t\t<img loading=\"lazy\" decoding=\"async\" width=\"800\" height=\"800\" src=\"https:\/\/cronoactive.com.br\/wp-content\/uploads\/2023\/12\/260099033_1380710982360208_8879581282864646940_n-1024x1024.jpg\" class=\"attachment-large size-large wp-image-153\" alt=\"\" srcset=\"https:\/\/cronoactive.com.br\/wp-content\/uploads\/2023\/12\/260099033_1380710982360208_8879581282864646940_n-1024x1024.jpg 1024w, https:\/\/cronoactive.com.br\/wp-content\/uploads\/2023\/12\/260099033_1380710982360208_8879581282864646940_n-300x300.jpg 300w, https:\/\/cronoactive.com.br\/wp-content\/uploads\/2023\/12\/260099033_1380710982360208_8879581282864646940_n-150x150.jpg 150w, https:\/\/cronoactive.com.br\/wp-content\/uploads\/2023\/12\/260099033_1380710982360208_8879581282864646940_n-768x768.jpg 768w, https:\/\/cronoactive.com.br\/wp-content\/uploads\/2023\/12\/260099033_1380710982360208_8879581282864646940_n.jpg 1080w\" sizes=\"(max-width: 800px) 100vw, 800px\" \/>\t\t\t\t\t\t\t\t\t\t\t\t\t\t\t<\/div>\n\t\t\t\t<\/div>\n\t\t\t\t<\/div>\n\t\t\t\t\t<\/div>\n\t\t\t\t<\/div>\n\t\t<div class=\"elementor-element elementor-element-dba8bec e-flex e-con-boxed e-con e-parent\" data-id=\"dba8bec\" data-element_type=\"container\" data-e-type=\"container\">\n\t\t\t\t\t<div class=\"e-con-inner\">\n\t\t\t\t\t<\/div>\n\t\t\t\t<\/div>\n\t\t\t\t<\/div>\n\t\t","protected":false},"excerpt":{"rendered":"<p>Nossos Servi\u00e7os Cronometragem Esportiva Somos uma empresa de RP desportivas especializada em cronometragem de eventos esportivos. Utilizamos tecnologia de ponta para fornecer solu\u00e7\u00f5es de cronometragem precisas e confi\u00e1veis para atletas e organizadores de eventos. Nossa equipe altamente qualificada est\u00e1 pronta para ajud\u00e1-lo em todas as suas necessidades de cronometragem. Estrutura para Eventos Al\u00e9m de fornecer [&hellip;]<\/p>\n","protected":false},"author":1,"featured_media":0,"parent":0,"menu_order":0,"comment_status":"closed","ping_status":"closed","template":"","meta":{"footnotes":""},"class_list":["post-25","page","type-page","status-publish","hentry"],"jetpack_sharing_enabled":true,"_links":{"self":[{"href":"https:\/\/cronoactive.com.br\/index.php\/wp-json\/wp\/v2\/pages\/25","targetHints":{"allow":["GET"]}}],"collection":[{"href":"https:\/\/cronoactive.com.br\/index.php\/wp-json\/wp\/v2\/pages"}],"about":[{"href":"https:\/\/cronoactive.com.br\/index.php\/wp-json\/wp\/v2\/types\/page"}],"author":[{"embeddable":true,"href":"https:\/\/cronoactive.com.br\/index.php\/wp-json\/wp\/v2\/users\/1"}],"replies":[{"embeddable":true,"href":"https:\/\/cronoactive.com.br\/index.php\/wp-json\/wp\/v2\/comments?post=25"}],"version-history":[{"count":26,"href":"https:\/\/cronoactive.com.br\/index.php\/wp-json\/wp\/v2\/pages\/25\/revisions"}],"predecessor-version":[{"id":439,"href":"https:\/\/cronoactive.com.br\/index.php\/wp-json\/wp\/v2\/pages\/25\/revisions\/439"}],"wp:attachment":[{"href":"https:\/\/cronoactive.com.br\/index.php\/wp-json\/wp\/v2\/media?parent=25"}],"curies":[{"name":"wp","href":"https:\/\/api.w.org\/{rel}","templated":true}]}}